s the ten thousands digit of 62090822?
9
What is the ten millions digit of 50391667?
5
What is the thousands digit of 28753661?
3
What is the ten thousands digit of 392138378?
3
What is the hundreds digit of 1016098164?
1
What is the billions digit of 2980411680?
2
What is the ten thousands digit of 8328520?
2
What is the tens digit of 17791644?
4
What is the hundreds digit of 130976087?
0
What is the hundred millions digit of 816225534?
8
What is the units digit of 353942284?
4
What is the units digit of 714477321?
1
What is the units digit of 182814838?
8
What is the millions digit of 356304726?
6
What is the ten millions digit of 606081835?
0
What is the units digit of 397179783?
3
What is the hundred thousands digit of 462757538?
7
What is the ten millions digit of 127422757?
2
What is the hundreds digit of 2786175173?
1
What is the tens digit of 42503213?
1
What is the ten thousands digit of 46876437?
7
What is the tens digit of 198035774?
7
What is the tens digit of 84721654?
5
What is the units digit of 47863333?
3
What is the millions digit of 1040097096?
0
What is the billions digit of 1035438450?
1
What is the billions digit of 2095603035?
2
What is the millions digit of 2572049477?
2
What is the hundreds digit of 1454174140?
1
What is the billions digit of 2081502994?
2
What is the ten thousands digit of 112070656?
7
What is the tens digit of 919222638?
3
What is the tens digit of 4037600357?
5
What is the units digit of 319683622?
2
What is the hundreds digit of 6892947331?
3
What is the millions digit of 1926163920?
6
What is the millions digit of 1163457212?
3
What is the hundred thousands digit of 1575483139?
4
What is the hundreds digit of 943471795?
7
What is the hundreds digit of 2087920917?
9
What is the ten millions digit of 20891501?
2
What is the ten millions digit of 236838341?
3
What is the millions digit of 1457447037?
7
What is the hundred millions digit of 1665479797?
6
What is the millions digit of 4417520?
4
What is the ten millions digit of 313475647?
1
What is the ten thousands digit of 245753836?
5
What is the tens digit of 2261807313?
1
What is the hundred thousands digit of 964973269?
9
What is the hundreds digit of 801097585?
5
What is the tens digit of 19073682?
8
What is the thousands digit of 93495946?
5
What is the units digit of 1660336440?
0
What is the hundreds digit of 55899418?
4
What is the thousands digit of 490505208?
5
What is the hundred thousands digit of 21174013?
1
What is the thousands digit of 59209482?
9
What is the ten thousands digit of 64730899?
3
What is the hundred thousands digit of 180247423?
2
What is the millions digit of 124338931?
4
What is the ten millions digit of 44340859?
4
What is the hundred thousands digit of 1039958357?
9
What is the ten thousands digit of 408610715?
1
What is the tens digit of 263215093?
9
What is the tens digit of 169013590?
9
What is the thousands digit of 19340003?
0
What is the tens digit of 149242296?
9
What is the hundreds digit of 1550798535?
5
What is the units digit of 399668353?
3
What is the thousands digit of 3025673087?
3
What is the units digit of 506156253?
3
What is the ten millions digit of 2872564940?
7
What is the millions digit of 424751475?
4
What is the hundred millions digit of 657144953?
6
What is the hundred millions digit of 396978719?
3
What is the ten thousands digit of 1429257291?
5
What is the hundred millions digit of 1652716454?
6
What is the ten thousands digit of 59166590?
6
What is the tens digit of 104197523?
2
What is the hundreds digit of 191471918?
9
What is the millions digit of 1555025212?
5
What is the units digit of 1316757554?
4
What is the ten thousands digit of 376020117?
2
What is the hundred thousands digit of 173903755?
9
What is the millions digit of 3277011808?
7
What is the thousands digit of 68802479?
2
What is the hundreds digit of 510784968?
9
What is the thousands digit of 261594145?
4
What is the units digit of 414554616?
6
What is the units digit of 3678839322?
2
What is the units digit of 275870937?
7
What is the hundreds digit of 177527504?
5
What is the ten thousands digit of 240183146?
8
What is the thousands digit of 754823242?
3
What is the tens digit of 276918947?
4
What is the hundred millions digit of 207290764?
2
What is the units digit of 40442226?
6
What is the tens digit of 63622754?
5
What is the units digit of 3839124410?
0
What is the millions digit of 36450944?
6
What is the hundreds digit of 40936572?
5
What is the millions digit of 43020020?
3
What is the thousands digit of 645966426?
6
What is the tens digit of 61034439?
3
What is the ten millions digit of 683579279?
8
What is the hundred thousands digit of 10432823?
4
What is the hundred millions digit of 242911158?
2
What is the units digit of 427625448?
8
What is the thousands digit of 32801871?
1
What is the thousands digit of 41919100?
9
What is the hundreds digit of 829463795?
7
What is the hundred millions digit of 187080798?
1
What is the millions digit of 3513052699?
3
What is the millions digit of 62502575?
2
What is the ten millions digit of 61292288?
6
What is the ten millions digit of 872137441?
7
What is the hundred thousands digit of 16872755?
8
What is the hundred thousands digit of 538662690?
6
What is the thousands digit of 145886398?
6
What is the tens digit of 11083599?
9
What is the hundred thousands digit of 811974966?
9
What is the thousands digit of 1449169158?
9
What is the ten millions digit of 4411174731?
1
What is the thousands digit of 72569326?
9
What is the thousands digit of 2610143855?
3
What is the tens digit of 76959004?
0
What is the ten thousands digit of 1372938277?
3
What is the millions digit of 62412429?
2
What is the hundreds digit of 6664420878?
8
What is the hundreds digit of 31307000?
0
What is the hundreds digit of 28109036?
0
What is the hundred thousands digit of 23900948?
9
What is the tens digit of 2094450864?
6
What is the units digit of 85417036?
6
What is the ten millions digit of 158797039?
5
What is the hundreds digit of 58388870?
8
What is the ten millions digit of 127970380?
2
What is the ten millions digit of 698746657?
9
What is the ten millions digit of 331659287?
3
What is the units digit of 2192832379?
9
What is the thousands digit of 2020454461?
4
What is the hundred thousands digit of 317644761?
6
What is the millions digit of 263233703?
3
What is the ten thousands digit of 76539159?
3
What is the hundreds digit of 8399854?
8
What is the units digit of 735526570?
0
What is the hundred thousands digit of 6753624505?
6
What is the thousands digit of 1725128616?
8
What is the ten millions digit of 2567181182?
6
What is the thousands digit of 168357400?
7
What is the millions digit of 419555080?
9
What is the tens digit of 329605347?
4
What is the ten thousands digit of 30749647?
4
What is the hundreds digit of 3845264?
2
What is the tens digit of 546228506?
0
What is the hundred millions digit of 1913169405?
9
What is the ten thousands digit of 19181911?
8
What is the ten thousands digit of 288990389?
9
What is the hundreds digit of 707389127?
1
What is the millions digit of 292583189?
2
What is the hundred thousands digit of 361482538?
4
What is the ten millions digit of 94208686?
9
What is the hundred thousands digit of 233351163?
3
What is the hundred thousands digit of 190628338?
6
What is the millions digit of 2163534732?
3
What is the ten millions digit of 958287995?
5
What is the units digit of 1934243975?
5
What is the ten millions digit of 145978977?
4
What is the hundred millions digit of 703675244?
7
What is the ten thousands digit of 436109103?
0
What is the ten thousands digit of 70920190?
2
What is the hundred millions digit of 1176375580?
1
What is the units digit of 2803248403?
3
What is the hundreds digit of 911861545?
5
What is the millions digit of 18668335?
8
What is the tens digit of 226491817?
1
What is the hundreds digit of 113040788?
7
What is the units digit of 3383932?
2
What is the billions digit of 2071536898?
2
What is the ten thousands digit of 57623597?
2
What is the hundred millions digit of 3128781058?
1
What is the hundreds digit of 141092075?
0
What is the thousands digit of 6947669?
7
What is the ten millions digit of 36319732